CRAN Package Check Results for Package aslib

Last updated on 2016-12-13 23:49:19.

Flavor Version Tinstall Tcheck Ttotal Status Flags
r-devel-linux-x86_64-debian-clang 0.1 5.68 66.69 72.37 OK
r-devel-linux-x86_64-debian-gcc 0.1 5.79 65.65 71.44 OK
r-devel-linux-x86_64-fedora-clang 0.1 155.02 OK --no-stop-on-test-error
r-devel-linux-x86_64-fedora-gcc 0.1 153.97 OK --no-stop-on-test-error
r-devel-macos-x86_64-clang 0.1 119.65 OK --no-stop-on-test-error
r-devel-windows-ix86+x86_64 0.1 17.00 110.00 127.00 OK
r-patched-linux-x86_64 0.1 5.81 62.15 67.96 OK
r-patched-solaris-sparc 0.1 820.60 OK
r-patched-solaris-x86 0.1 183.00 OK
r-release-linux-x86_64 0.1 6.05 61.65 67.70 OK
r-release-osx-x86_64-mavericks 0.1 ERROR
r-release-windows-ix86+x86_64 0.1 17.00 99.00 116.00 OK
r-oldrel-windows-ix86+x86_64 0.1 24.00 153.00 177.00 OK

Check Details

Version: 0.1
Check: tests
Result: ERROR
    Running the tests in ‘tests/run-all.R’ failed.
    Last 13 lines of output:
    
     Attaching package: 'llama'
    
     The following object is masked from 'package:BBmisc':
    
     normalize
    
     > test_check("aslib")
     Loading required package: aslib
     Error in .jnew("weka/core/Instances", .jcast(reader, "java/io/Reader")) :
     java.lang.UnsupportedClassVersionError: weka/core/Instances : Unsupported major.minor version 51.0
     Calls: test_check ... eval -> parseASScenario -> read.arff -> .jnew -> .External
     Execution halted
Flavor: r-release-osx-x86_64-mavericks