CRAN Package Check Results for Package RNiftyReg

Last updated on 2016-12-13 23:49:58.

Flavor Version Tinstall Tcheck Ttotal Status Flags
r-devel-linux-x86_64-debian-clang 2.4.1 241.94 22.00 263.95 OK
r-devel-linux-x86_64-debian-gcc 2.4.1 264.28 23.18 287.46 OK
r-devel-linux-x86_64-fedora-clang 2.4.1 566.26 NOTE --no-stop-on-test-error
r-devel-linux-x86_64-fedora-gcc 2.4.1 563.71 NOTE --no-stop-on-test-error
r-devel-macos-x86_64-clang 2.4.1 361.83 OK --no-stop-on-test-error
r-devel-windows-ix86+x86_64 2.4.1 630.00 61.00 691.00 NOTE
r-patched-linux-x86_64 2.4.1 226.57 20.27 246.84 OK
r-patched-solaris-sparc 2.4.1 2114.80 OK
r-patched-solaris-x86 2.4.1 412.50 OK
r-release-linux-x86_64 2.4.1 222.66 20.06 242.72 OK
r-release-osx-x86_64-mavericks 2.4.1 NOTE
r-release-windows-ix86+x86_64 2.4.1 666.00 71.00 737.00 NOTE
r-oldrel-windows-ix86+x86_64 2.4.1 813.00 92.00 905.00 NOTE

Memtest notes: valgrind

Check Details

Version: 2.4.1
Flags: --no-stop-on-test-error
Check: installed package size
Result: NOTE
     installed size is 83.5Mb
     sub-directories of 1Mb or more:
     extdata 2.0Mb
     libs 81.3Mb
Flavors: r-devel-linux-x86_64-fedora-clang, r-devel-linux-x86_64-fedora-gcc

Version: 2.4.1
Check: installed package size
Result: NOTE
     installed size is 7.3Mb
     sub-directories of 1Mb or more:
     extdata 2.0Mb
     libs 5.2Mb
Flavors: r-devel-windows-ix86+x86_64, r-release-osx-x86_64-mavericks, r-release-windows-ix86+x86_64, r-oldrel-windows-ix86+x86_64